is divided by 39.
34
What is the remainder when 74 is divided by 8?
2
What is the remainder when 2322 is divided by 35?
12
Calculate the remainder when 23805 is divided by 32.
29
What is the remainder when 575 is divided by 71?
7
What is the remainder when 76 is divided by 31?
14
What is the remainder when 449 is divided by 226?
223
Calculate the remainder when 1766 is divided by 291.
20
What is the remainder when 556 is divided by 70?
66
What is the remainder when 1084 is divided by 31?
30
What is the remainder when 9438 is divided by 160?
158
What is the remainder when 860 is divided by 48?
44
What is the remainder when 24689 is divided by 10?
9
Calculate the remainder when 637 is divided by 491.
146
Calculate the remainder when 2419 is divided by 14.
11
Calculate the remainder when 332 is divided by 84.
80
What is the remainder when 1382 is divided by 87?
77
Calculate the remainder when 426 is divided by 13.
10
What is the remainder when 200 is divided by 51?
47
Calculate the remainder when 67 is divided by 57.
10
Calculate the remainder when 31854 is divided by 123.
120
What is the remainder when 1022 is divided by 104?
86
Calculate the remainder when 161 is divided by 13.
5
What is the remainder when 84 is divided by 25?
9
What is the remainder when 537 is divided by 11?
9
Calculate the remainder when 37 is divided by 12.
1
What is the remainder when 481 is divided by 82?
71
Calculate the remainder when 64 is divided by 14.
8
What is the remainder when 716 is divided by 61?
45
What is the remainder when 276 is divided by 93?
90
What is the remainder when 29 is divided by 10?
9
Calculate the remainder when 1483 is divided by 87.
4
Calculate the remainder when 1087 is divided by 32.
31
What is the remainder when 75 is divided by 74?
1
Calculate the remainder when 77 is divided by 39.
38
Calculate the remainder when 995 is divided by 204.
179
What is the remainder when 192 is divided by 8?
0
Calculate the remainder when 352 is divided by 93.
73
Calculate the remainder when 233 is divided by 26.
25
What is the remainder when 47 is divided by 10?
7
Calculate the remainder when 154 is divided by 50.
4
Calculate the remainder when 69 is divided by 54.
15
What is the remainder when 122 is divided by 46?
30
Calculate the remainder when 810 is divided by 51.
45
What is the remainder when 435 is divided by 171?
93
What is the remainder when 128 is divided by 22?
18
Calculate the remainder when 3358 is divided by 96.
94
Calculate the remainder when 195 is divided by 7.
6
Calculate the remainder when 185 is divided by 69.
47
Calculate the remainder when 526 is divided by 12.
10
What is the remainder when 61 is divided by 9?
7
What is the remainder when 23 is divided by 2?
1
What is the remainder when 297 is divided by 43?
39
What is the remainder when 462 is divided by 111?
18
What is the remainder when 1783 is divided by 85?
83
What is the remainder when 204 is divided by 203?
1
What is the remainder when 1918 is divided by 16?
14
What is the remainder when 2372 is divided by 113?
112
Calculate the remainder when 232 is divided by 47.
44
Calculate the remainder when 113 is divided by 12.
5
Calculate the remainder when 758 is divided by 69.
68
Calculate the remainder when 149 is divided by 85.
64
Calculate the remainder when 206 is divided by 41.
1
What is the remainder when 155 is divided by 68?
19
Calculate the remainder when 2130 is divided by 40.
10
What is the remainder when 65 is divided by 18?
11
Calculate the remainder when 1044 is divided by 107.
81
What is the remainder when 210 is divided by 34?
6
What is the remainder when 272 is divided by 35?
27
Calculate the remainder when 44 is divided by 29.
15
What is the remainder when 1448 is divided by 361?
4
Calculate the remainder when 1221 is divided by 12.
9
Calculate the remainder when 448 is divided by 118.
94
What is the remainder when 5002 is divided by 102?
4
Calculate the remainder when 943 is divided by 25.
18
Calculate the remainder when 256 is divided by 33.
25
Calculate the remainder when 901 is divided by 131.
115
Calculate the remainder when 35 is divided by 29.
6
Calculate the remainder when 3 is divided by 2.
1
Calculate the remainder when 951 is divided by 91.
41
Calculate the remainder when 326 is divided by 28.
18
What is the remainder when 133 is divided by 64?
5
What is the remainder when 420 is divided by 43?
33
What is the remainder when 140 is divided by 13?
10
Calculate the remainder when 339 is divided by 50.
39
Calculate the remainder when 31957 is divided by 40.
37
What is the remainder when 254 is divided by 27?
11
What is the remainder when 311 is divided by 15?
11
What is the remainder when 3427 is divided by 127?
125
What is the remainder when 648 is divided by 11?
10
What is the remainder when 1119 is divided by 7?
6
Calculate the remainder when 2321 is divided by 15.
11
Calculate the remainder when 2764 is divided by 11.
3
Calculate the remainder when 200 is divided by 34.
30
Calculate the remainder when 74 is divided by 15.
14
Calculate the remainder when 205666 is divided by 18.
16
What is the remainder when 5697 is divided by 22?
21
What is the remainder when 243 is divided by 50?
43
Calculate the remainder when 130 is divided by 51.
28
Calculate the remainder when 3 is divided by 1.
0
What is the remainder when 211 is divided by 155?
56
What is the remainder when 964 is divided by 216?
100
Calculate the remainder when 773 is divided by 20.
13
Calculate the remainder when 145 is divided by 19.
12
Calculate the remainder when 395 is divided by 99.
98
Calculate the remainder when 286 is divided by 10.
6
Calculate the remainder when 45 is divided by 24.
21
Calculate the remainder when 14037 is divided by 117.
114
Calculate the remainder when 4058 is divided by 803.
43
Calculate the remainder when 268 is divided by 83.
19
Calculate the remainder when 407 is divided by 125.
32
What is the remainder when 1529 is divided by 15?
14
What is the remainder when 11969 is divided by 82?
79
Calculate the remainder when 5453 is divided by 303.
302
Calculate the remainder when 495 is divided by 25.
20
Calculate the remainder when 243 is divided by 6.
3
What is the remainder when 352 is divided by 76?
48
Calculate the remainder when 232 is divided by 69.
25
What is the remainder when 1274 is divided by 11?
9
Calculate the remainder when 698 is divided by 32.
26
Calculate the remainder when 3850 is divided by 107.
105
Calculate the remainder when 299 is divided by 26.
13
Calculate the remainder when 137 is divided by 41.
14
Calculate the remainder when 168 is divided by 19.
16
Calculate the remainder when 2293 is divided by 85.
83
What is the remainder when 40 is divided by 19?
2
Calculate the remainder when 95 is divided by 51.
44
What is the remainder when 99 is divided by 52?
47
Calculate the remainder when 705 is divided by 694.
11
Calculate the remainder when 1680 is divided by 1674.
6
What is the remainder when 122 is divided by 37?
11
What is the remainder when 12622 is divided by 25?
22
What is the remainder when 8103 is divided by 153?
147
Calculate the remainder when 258 is divided by 84.
6
What is the remainder when 208 is divided by 15?
13
What is the remainder when 207 is divided by 52?
51
Calculate the remainder when 2974 is divided by 2966.
8
What is the remainder when 3401 is divided by 14?
13
What is the remainder when 202 is divided by 21?
13
Calculate the remainder when 1326 is divided by 17.
0
What is the remainder when 49 is divided by 32?
17
What is the remainder when 186 is divided by 27?
24
What is the remainder when 1058 is divided by 40?
18
Calculate the remainder when 1741 is divided by 135.
121
What is the remainder when 712 is divided by 14?
12
Calculate the remainder when 68 is divided by 15.
8
Calculate the remainder when 2985 is divided by 746.
1
What is the remainder when 107 is divided by 76?
31
What is the remainder when 5129 is divided by 13?
7
What is the remainder when 1137 is divided by 60?
57
What is the remainder when 2255 is divided by 47?
46
What is the remainder when 204 is divided by 3?
0
Calculate the remainder when 2244 is divided by 744.
12
Calculate the remainder when 4419 is divided by 56.
51
Calculate the remainder when 1